-85.
36
Calculate -7 + (0 - 5) + 10 + 33 + -25.
6
-18 - (104 + -143 + 1)
20
Evaluate 1185 + -1153 - (64 + 2).
-34
What is -3 + 0 + (-102 + 51 - -86)?
32
Calculate 72 - 78 - (-4 - (-5 - 68 - -8 - -3)).
-64
Calculate 56 - (43 + -115 + 145).
-17
What is 3 + 0 + -11 + (19 + -15 - -110)?
106
-18 + -49 + 58 + 1 + -19
-27
What is (-192 - -245) + -69 - (40 + 0 - 2)?
-54
What is the value of -11 + (1 - -21 - (0 - -12)) - (2 - -19)?
-22
(68 - (2 + 1)) + (-76 - (-28 - 4) - -29)
50
Evaluate 33 - (-1 + 17 - (-54 + 39 + 17)).
19
Evaluate (-16 - (-12 - -17)) + 24 + (0 - (-1 - -2)).
2
-28 + (-116 - (80 - 131))
-93
What is 52 - (-15 + 73 - -58)?
-64
What is 22 + -22 + 19 - 75 - -22?
-34
Calculate 22 - (-24 - (2 - (84 - -15))).
-51
-11 - -49 - 30 - -16 - -69
93
What is (-68 - (-97 + -63)) + -105?
-13
What is the value of 31 - (-24 + 62 + 22)?
-29
-1 - (-5 - 14) - (99 + -93)
12
Evaluate -50 - (8 + (-5 - 1) + 19).
-71
What is -1219 - -1164 - (0 + -8)?
-47
Calculate -192 + 209 + (-66 - (4 - -1)).
-54
Evaluate (-77 - -69) + -116 + 33.
-91
Evaluate (-1 + 8 - (15 + -15) - (83 + -87)) + -11.
0
What is -15 + (0 - -32) + (-735 - -650)?
-68
What is (19 - 126) + -41 + 152?
4
What is -1 + 7 + 25 + (30 - (6 + 66))?
-11
Calculate 46 + 30 + -52 - 28.
-4
What is (-7 + 12 + -35 + 8 - 2) + -4 + 3?
-25
Calculate (-42 - (-12 + -3 - 66)) + 23.
62
Calculate -8 - ((50 - 57) + (-17 - -4) - 22).
34
Evaluate -49 + -18 + 32 - -58.
23
(3 - (23 - 2)) + -162 + 189
9
What is 22 + 58 + (-56 - 15)?
9
What is the value of 49 + 26 + -9 + 0 - -10?
76
What is 15 - (35 + 8 + -57 - (-2 - -35))?
62
Evaluate -34 - (-5 + -8 + -16 - (37 + -56)).
-24
7449 + -7477 - (3 + 3 + -36)
2
What is the value of (14 - 5) + 0 - (10 + (2 - 48))?
45
Calculate (1 + 62 - (451 - 438)) + 11.
61
What is 1 + -4 - (44 - 109 - -49)?
13
What is (7 - -5) + (-77 - (-17 - -13)) + -1?
-62
Calculate (1545 + -1590 - (-1 - 8)) + 9.
-27
Calculate 13 + 11 + (1 - -6 - 58).
-27
Evaluate (2169 - 2208) + 15 + -6 + 5.
-25
What is -11 + 26 - (9 - 2) - (74 + -4)?
-62
What is the value of 32 + (1 - 36) - -37?
34
Calculate 39 + 245 + -117 + -263.
-96
What is the value of 0 + (-3 - (-2 + 2)) + (-1540 - -1557)?
14
Evaluate -29 + (33 - (-10 + -25)) - -26.
65
What is (20 - 49) + -8 + -24 + 9?
-52
Calculate 97 + -13 - (18 - 12 - 5).
83
Calculate 35 - (8 - (-24 + 12 - -66)).
81
Evaluate 458 + -414 + 7 + -36.
15
Evaluate (5 - (3 + -3 + 0)) + (-7 - -43 - 73).
-32
What is (1 - 6) + (48 - (-51 - -99))?
-5
What is the value of (-1 - -8) + 3 + -270 + 266?
6
Calculate (-9 + -4 - 5) + (91 - 14) + -6.
53
Evaluate 10 + (33 - 18) - (0 - -47).
-22
Evaluate 8 + 0 + -1 - (12 + (56 - 32) + 48).
-77
What is the value of (21 - 25) + -171 + 119 + -75?
-131
Calculate 93 + -13 + -22 - 51.
7
(11 - -2) + (-66 + 11 - -22)
-20
Calculate -9 - (0 - ((114 - 48) + 13 + 0)).
70
What is 304 + -238 + (-4 - 136)?
-74
What is (18 + -51 - -5) + 76?
48
Calculate 0 - (-209 + 199 - (-1 + 0 + -5)).
4
Evaluate -121 - 3 - (-8056 - -7859).
73
What is the value of (13 - 12) + (-25 - -37) - -6?
19
What is -39 - (110 + -46 + -87)?
-16
Calculate 14 + (33 - 26) + (1 - -5) + -11 + 9.
25
Calculate (4 - (-20 + -43)) + 11 + (-5 - -7).
80
Calculate -28 - (-21 + 17) - -64.
40
Calculate 472 + -494 - (-18 + 46).
-50
(-10 - 10 - (-1 + -1)) + 17 - 42
-43
Evaluate 0 + (1 - -42) - (43 - (-10 + -15 + 66)).
41
18 - 3 - 21 - -1 - -42
37
Evaluate 42 + -34 + (35 - (37 - 23)).
29
Calculate -66 + 1 + 21 + -28 + (21 - 24).
-75
What is -8 + 22 + -6 + 2 + 21 + -13?
18
What is (13 - (3 - -12)) + -18 + 5?
-15
Evaluate 55 - (-49 - -117) - (1 + 3 - -2).
-19
48 - (-34 - -66) - (-7 - 1)
24
Calculate 43 + -10 + -32 + (-13 - 0).
-12
(56 - 17) + -27 - (0 - -7) - 18
-13
Calculate (7 - -1) + (-115 - (150 - 268)).
11
Evaluate 17 + 12 + -2 - (8 + -14 + 19).
14
What is -45 - 1 - (-143 + 178 + -49)?
-32
4 + (0 + -9 - (-160 + 9 + 66)) - -11
91
(4 + 19 + -16 + -5 - -63) + -2
63
What is the value of 15 + -4 - (3 - -17 - (-72 - -123))?
42
Calculate 6 - (-4 + -12 - (6 + -7 + 1)).
22
Calculate -12 + 38 + 11 - 57 - 96.
-116
Calculate 33 + -58 + 5 + -24.
-44
What is 28 + -3 + -61 + 80?
44
What is 79 + -20 + -23 + -67 + 45 + (-113 - -1)?
-98
Calculate (-44 - 45) + 40 + 9 + 0 + (3 - 4).
-41
Evaluate -9 + -12 + 11 + 14 + 2 + -26.
-20
What is the value of -55 + 57 + -89 - (-3 - 0 - 9)?
-75
What is the value of -2118 + 2150 - (21 + -4 + -3)?
18
(-1 - 10 - (51 - -20 - -20)) + -10
-112
What is the value of -3 - (7 - 1) - (-14 + (-1 - -33))?
-27
Evaluate 1 - 3 - (-67 - -115 - (13 - 0)).
-37
Calculate 147 + -144 - ((-6 - -1) + -4 + 0).
12
Calculate -48 - -90 - -17 - 47.
12
What is the value of -25 - (-24 + 13) - 1 - 46?
-61
What is the value of -12 - ((57 - 52) + -5 + -83)?
71
What is the value of ((-27 - 1) + -1 - -3) + (-297 - -292) - 7?
-38
Calculate 307 - 404 - (-41 + 3 + 10).
-69
What is the value of 72 + -57 + 15 + 20?
50
Calculate -7 + -77 + 51 + 81.
48
What is the value of -129 - (-14 + 8 + -58 + 38)?
-103
Evaluate (9 - 16) + 7 - (-60 + 29).
31
What is 3 + (-11 - (-1 - -15 - 31)) - 21?
-12
What is the value of 6 - ((-12 - -80) + (-3 - 5))?
-54
What is (32 - (6 - (6 + 4) - -8)) + -13 + 14?
29
What is the value of 6 + 135 + 168 + -216?
93
What is the value of 81 - (-7 - -14) - (-8 + 18) - -17?
81
What is (-31 - -5) + 27 - -9 - (82 - (1 + 1))?
-70
What is the value of (2 - 11) + (-172 - -184) - (32 - -25)?
-54
What is -153 - (14 + 14 - 2 - 35)?
-144
Evaluate 14 - 33 - (-24 + (-11 - -16)).
0
Calculate 9 + 85 + (1 + -15 + -10 - (-14 + 1)).
83
What is the value of -58 + (-1 - (-4 - 3)) + (-14 - (2 + -10))?
-58
-2 + 8 + 5 + (-14 - -10) + 2
9
Calculate -42 - 14 - (-12 - (19 + -6)).
-31
8 - ((-65 - -1) + -24 + 30 + 27 + -36)
75
-35 + -13 + -24 - 11 - (28 - 6)
-105
Calculate -43 + 54 + (-26 - -56).
41
-34 + -16 + (33 - 22) + 23 + -32
-48
Calculate 231 + -49 - 23 - 39.
120
(-13 - -8 - -9) + 1 + -2 + -4 + 59
58
Calculate -13 + 15 - (24 + -5) - 40.
-57
12 + (-1 - 0) + 24796 + -24801
6
What is 8 + 0 + (-16 - (-9 - (-72 - -7 - 17)))?
-81
What is the value of -13 - (-17 - (-35 - 0))?
-31
16 + -87 + 63 - (-7 + (5 - -90))
-96
What is -792 + 865 - (35 + 4)?
34
-2 - 139 - (-13 + 5) - (81 + -92)
-122
What is the value of -110 + -117 + 186 + (0 - -119)?
78
Calculate 54 + -22 + -102 + 65.
-5
-8 + (7 - -8 - 6) - -60
61
Calculate (1291 - 1270) + (5 - (1 + -21)).
46
Evaluate (15 - -1) + (21 - (183 + -61)) + -4.
-89
Calculate -23 - (-43 + 49 + 5).
-34
What is the value of 172 + -260 - (-108 + -8)?
28
-58 + -52 + (-53 - -16) + (-2 - -3) + 2
-144
What is 10 - (-43 + -2 - (-126 + 95))?
24
What is the value of -11 + 1 - (320 - 277) - -10 - (-1 - 9)?
-33
Calculate 262 - 290 - (22 + 2 + 0).
-52
What is the value of 21 + 12 + (-10 - 104) + 10?
-71
(-37 - 116) + (123 - 44)
-74
(-16 - -14 - -2 - 13) + (60 - 101)
-54
Evaluate (-55 + 121 - (10 + (1 - -2))) + (4 - -3).
60
What is the value of -3 + 4 + 4 - (-27 - (-23 - (-51 + 5)))?
55
What is 77 + (-94 - -117) + -194?
-94
1 - (9 + -15) - (3 - (-4 - 6))
-6
(-8 - (4 - ((-8 - -19) + -3))) + (64 - 0)
60
What is the value of -18 + 4 + (5 - -6 - (22 - (-12 + 25)))?
-12
Calculate ((-25 - -4 - -15) + (-4 - 3) - -4) + -48.
-57
What is 53 + (-30 + -19 - 13)?
-9
Calculate 89 - (156 - 84 - -5).
12
What is -61 + (-12 - -35) - 2?
-40
What is the value of -22 + -9 + (1 - 2 - (124 + -130))?
-26
-10 + (19 + 46 + 16 - 0)
71
What is the value of (26 - (-94 + -2 + 204)) + -12 + (-1 - -1)?
-94
(134 - 48) + -307 - -138
-83
Calculate 23 + (-10 - -8) - (16 + (4 - 6)).
7
Evaluate 79 + 0 + (-2883 - -2839).
35
(2 - -7) + -29 + 5 + 17
2
Evaluate -61 + 88 + -62 + -10.
-45
What is the value of (-37 - -65 - 96) + (-8 + 7 - (-12 - -1))?
-58
Calculate (1 - 0) + -19 + 37 + (-11 - -4) + -61.
-49
What is 40 + (10 - (-18 - -28)) + 5 + 9?
54
(-818 - -877) + 0 + 32 + -15
76
What is -40 - (13 - 22 - -32 - 30)?
-33
What is the value of 25 + (-37 - -11) - -15?
14
Evaluate -59 - (25 - 60) - -11.
-13
Calculate -11 + 44 + (76 - 91) + -76 + 0.
-58
Evaluate (-26 - -18) + 17 + -24 + -68.
-83
9 + -4 + 3 - (11 - -4) - -4
-3
Evaluate (-27 - ((-4 - -3) + 0)) + (-27 - -6) + 12.
-35
Evaluate -10 + (3 + 24 - 12) + 9 + -5 + 5.
14
What is 5 - (-28 + 14 + 20 + -8 - (0 + -23))?
-16
What is the value of -17 + 1 + 23 - (50 - (-1 - (-3 + 6)))?
-47
Evaluate 3 - 2 - (621 - 662).
42
What